 prime factors of 3023946459.
3, 23, 4869479
List the prime factors of 2580924580.
2, 5, 13, 41, 197, 1229
List the prime factors of 15076507.
877, 17191
What are the prime factors of 155975554?
2, 7, 11141111
What are the prime factors of 67237683?
3, 47, 476863
What are the prime factors of 88335242?
2, 163, 270967
What are the prime factors of 238073928?
2, 3, 877, 11311
What are the prime factors of 205359982?
2, 102679991
What are the prime factors of 126948249?
3, 4701787
What are the prime factors of 600337430?
2, 5, 7, 11, 779659
List the prime factors of 57562010.
2, 5, 11, 37, 14143
What are the prime factors of 692770723?
17, 19, 2144801
List the prime factors of 2793708544.
2, 11, 248021
List the prime factors of 467881550.
2, 5, 9357631
List the prime factors of 38092205.
5, 7618441
List the prime factors of 740543018.
2, 17, 2663, 8179
What are the prime factors of 415999468?
2, 103999867
What are the prime factors of 726999541?
193, 197, 19121
What are the prime factors of 287230251?
3, 7, 11, 1243421
What are the prime factors of 62357882?
2, 1291, 24151
List the prime factors of 3385685.
5, 37, 18301
List the prime factors of 5593152136.
2, 11, 13, 127, 137, 281
List the prime factors of 6192950370.
2, 3, 5, 41, 5034919
What are the prime factors of 35028885?
3, 5, 23, 101533
List the prime factors of 283870796.
2, 11, 6451609
List the prime factors of 331668496.
2, 20729281
What are the prime factors of 146168079?
3, 48722693
List the prime factors of 45483202.
2, 22741601
What are the prime factors of 301623547?
953, 316499
What are the prime factors of 93542719?
19, 29, 169769
What are the prime factors of 133802838?
2, 3, 13, 577, 991
List the prime factors of 943797252.
2, 3, 78649771
List the prime factors of 12989526.
2, 3, 11, 23, 43, 199
List the prime factors of 112427492.
2, 28106873
List the prime factors of 535626224.
2, 7, 83, 157, 367
What are the prime factors of 54305117?
971, 55927
List the prime factors of 22479518.
2, 211, 53269
What are the prime factors of 85656566?
2, 61, 461, 1523
List the prime factors of 211426.
2, 61, 1733
What are the prime factors of 1282615896?
2, 3, 157, 340397
What are the prime factors of 7350260807?
761, 9658687
What are the prime factors of 53206612?
2, 19, 700087
List the prime factors of 30089249.
30089249
What are the prime factors of 7031999?
13, 17, 47, 677
List the prime factors of 565813539.
3, 107, 139, 1409
What are the prime factors of 7027656214?
2, 17, 4903, 42157
List the prime factors of 85019934.
2, 3, 14169989
List the prime factors of 1677069531.
3, 43, 83, 109, 479
What are the prime factors of 914372390?
2, 5, 191, 478729
What are the prime factors of 237007463?
7, 11, 19, 23143
List the prime factors of 67231034.
2, 13, 131, 19739
List the prime factors of 10178471.
19, 535709
What are the prime factors of 64029247?
53, 769, 1571
What are the prime factors of 63923980?
2, 5, 19, 149, 1129
List the prime factors of 308039338.
2, 157, 981017
What are the prime factors of 427376429?
427376429
List the prime factors of 170744540.
2, 5, 101, 181, 467
List the prime factors of 721165331.
619, 1165049
What are the prime factors of 2944574104?
2, 368071763
List the prime factors of 383237574.
2, 3, 63872929
List the prime factors of 45042786.
2, 3, 23, 108799
List the prime factors of 124277924.
2, 23, 1350847
List the prime factors of 3352399746.
2, 3, 558733291
List the prime factors of 79470657.
3, 7, 227, 5557
List the prime factors of 331577236.
2, 1231, 67339
What are the prime factors of 26833752?
2, 3, 11, 17, 1993
List the prime factors of 235989082.
2, 7, 19, 887177
What are the prime factors of 45406411?
45406411
List the prime factors of 276721092.
2, 3, 19, 59, 6857
What are the prime factors of 395589571?
13, 97, 313711
List the prime factors of 2032838124.
2, 3, 169403177
List the prime factors of 6397708612.
2, 23, 71, 73, 13417
What are the prime factors of 3734534116?
2, 107, 8725547
List the prime factors of 366648559.
73, 79, 63577
List the prime factors of 138694942.
2, 17, 211, 19333
List the prime factors of 308269116.
2, 3, 8563031
List the prime factors of 927272289.
3, 309090763
What are the prime factors of 934278769?
131, 7131899
What are the prime factors of 45123016?
2, 5640377
What are the prime factors of 3880369216?
2, 283, 214243
List the prime factors of 127084394.
2, 67, 948391
What are the prime factors of 989939102?
2, 19, 26051029
List the prime factors of 44155721.
44155721
List the prime factors of 1568841650.
2, 5, 31376833
List the prime factors of 16618064.
2, 1038629
List the prime factors of 8033867.
31, 259157
List the prime factors of 217997745.
3, 5, 7, 43, 53, 911
List the prime factors of 50130960.
2, 3, 5, 11, 17, 1117
List the prime factors of 86311565.
5, 37, 379, 1231
What are the prime factors of 2551349189?
41, 62228029
List the prime factors of 1124798336.
2, 17, 516911
List the prime factors of 6428294050.
2, 5, 128565881
What are the prime factors of 232892605?
5, 11, 17, 83, 3001
List the prime factors of 451175537.
59, 863, 8861
What are the prime factors of 93063751?
11, 1873, 4517
List the prime factors of 764282859.
3, 137, 1859569
List the prime factors of 753519651.
3, 19, 47, 73, 3853
List the prime factors of 1588373288.
2, 31, 67, 109, 877
What are the prime factors of 11336961?
3, 3778987
List the prime factors of 4660372.
2, 37, 31489
What are the prime factors of 25059620?
2, 5, 163, 7687
List the prime factors of 507396347.
83, 6113209
List the prime factors of 178385054.
2, 7691, 11597
List the prime factors of 13210912.
2, 11, 13, 2887
List the prime factors of 122547961.
122547961
What are the prime factors of 245727247?
19, 12933013
List the prime factors of 263773999.
37, 7129027
List the prime factors of 297971673.
3, 99323891
List the prime factors of 4431338065.
5, 7, 11, 17, 677057
List the prime factors of 4872082399.
53, 91926083
What are the prime factors of 119364891?
3, 39788297
What are the prime factors of 47362557?
3, 11, 1435229
List the prime factors of 1968552476.
2, 11, 2557, 17497
What are the prime factors of 115778091?
3, 11, 13, 269879
What are the prime factors of 311395341?
3, 17, 31, 196961
List the prime factors of 7281469.
13, 560113
List the prime factors of 170290405.
5, 1693, 20117
List the prime factors of 322906236.
2, 3, 103, 261251
List the prime factors of 607324182.
2, 3, 101220697
List the prime factors of 904308980.
2, 5, 139, 227, 1433
List the prime factors of 56387180.
2, 5, 61, 46219
List the prime factors of 56342898.
2, 3, 379, 2753
List the prime factors of 177888656.
2, 11, 239, 4229
What are the prime factors of 1294254801?
3, 7, 97, 227, 311
List the prime factors of 314080116.
2, 3, 7, 173, 21613
What are the prime factors of 3970281259?
7, 31, 1621, 11287
What are the prime factors of 13366134?
2, 3, 82507
List the prime factors of 2889815292.
2, 3, 7, 13, 37, 883
List the prime factors of 2237088795.
3, 5, 67, 2225959
List the prime factors of 2618453571.
3, 59, 73, 191, 1061
What are the prime factors of 3703619886?
2, 3, 617269981
What are the prime factors of 334584248?
2, 41823031
What are the prime factors of 3374814876?
2, 3, 31, 9072083
List the prime factors of 184167540.
2, 3, 5, 61, 5591
List the prime factors of 57788077.
57788077
What are the prime factors of 45928789?
193, 237973
List the prime factors of 152514425.
5, 7, 19, 45869
List the prime factors of 150172147.
150172147
What are the prime factors of 641471207?
13, 49343939
What are the prime factors of 191035759?
271, 704929
List the prime factors of 70616800.
2, 5, 103, 857
List the prime factors of 200932135.
5, 73, 211, 2609
What are the prime factors of 5341085309?
7, 37, 2945993
What are the prime factors of 2783893843?
2783893843
List the prime factors of 19727761.
1489, 13249
What are the prime factors of 365696758?
2, 7, 17, 823, 1867
List the prime factors of 2975007789.
3, 13, 491, 51787
List the prime factors of 5201453070.
2, 3, 5, 11, 583777
List the prime factors of 1681477033.
1051, 1599883
What are the prime factors of 162481278?
2, 3, 41, 660493
List the prime factors of 19594378.
2, 9797189
List the prime factors of 553726399.
877, 631387
What a